20 - 5*x**4/12 - x**3 - 5*x**2/2 - x. Let s = 25803 - 25797. What is v(s)?
-5
Suppose -10*b - 2*b + 24 = 0. Let h(z) be the second derivative of z**3/6 - z**2 - 2*z. Give h(b).
0
Let p(w) = -2*w + 6. Let u(t) = -2*t + 6. Let x(l) = -5*p(l) + 6*u(l). Suppose -2*b = b - 15. Give x(b).
-4
Let h(p) = 18*p**2 - 7 - 12*p**2 - 9*p - 7*p**2. Give h(-7).
7
Let d = 0 + -2. Let v(b) be the third derivative of b**4/12 + b**3/2 - 4*b**2 - 163*b. Give v(d).
-1
Let m be -2 + 5*(4 - 3). Suppose m*h + 12 + 10 = -2*d, -4*h - 26 = 2*d. Let y(w) = w**2 + 4*w + 3. Calculate y(h).
3
Let f(b) be the second derivative of -b**3/6 + b**2/2 - b. Let h = 1068 + -1067. Calculate f(h).
0
Let b(u) be the second derivative of u**5/20 + 7*u**4/12 + 3*u**3/2 + 9*u**2/2 + 7*u. Suppose -o + 3*a + 5 + 1 = 0, 0 = 5*o + 2*a + 38. What is b(o)?
-9
Let w(q) be the second derivative of -q**5/20 + q**4/12 - 2*q**2 + 3*q. Let k = -4 + 24. Let s = k + -20. Give w(s).
-4
Let i = -48 + 48. Suppose 8*l + 16 = -i*l. Let h(r) = r**2 + 2*r - 2. Give h(l).
-2
Suppose 1 = 2*l - 7. Let j(n) be the second derivative of n**6/360 - n**5/24 + n**4/8 - n**3/2 + 10*n. Let u(k) be the second derivative of j(k). What is u(l)?
-1
Let s(q) = 2*q**2 + 24*q + 14. Let u be s(-11). Let v(p) = -p**3 - 7*p**2 + 9*p + 9. Calculate v(u).
1
Let m(o) = -o**2 + 2*o - 4. Suppose -24 - 12 = 3*q. Let w be (-94)/(-6) - 2/3. Let y = q + w. What is m(y)?
-7
Let n(k) be the third derivative of 0*k + 1/24*k**4 - k**2 + 0 + 13/6*k**3. Calculate n(-7).
6
Let m(u) be the first derivative of u**4/4 + u**3/3 - u**2/2 + u + 28. Give m(1).
2
Let c(a) = 0*a**2 + 14*a + 44 + 2*a**2 - 37 - 21*a. Calculate c(5).
22
Let k be 2/(-8) + 33/(-12). Let f(w) = w**3 - 3*w**2 - 8*w + 1. Let p(n) = -3*n**3 + 8*n**2 + 23*n - 2. Let l(j) = -8*f(j) - 3*p(j). Determine l(k).
-14
Let u(w) = w**3 + 3*w**2 - 9*w - 16. Suppose -162*i = -155*i + 28. Calculate u(i).
4
Suppose 6 - 4 = a, 5*o = -a + 27. Let v be (-47)/(-7) - (20/(-14))/o. Let u(c) = c - 2. Give u(v).
5
Suppose 0 = -12*l - 20 - 4. Let r(p) = p**3 + p**2 + p + 3. What is r(l)?
-3
Let a(g) = g**2 + g - 1. Let j(f) = 7*f**2 + 3*f - 6. Let p(l) = 5*a(l) - j(l). Let z be 14/21 - 50/(-6). Let x = 8 - z. Determine p(x).
-3
Let q(k) = -k**2 + 8*k. Let r be q(4). Let w be (-84)/r - 1/(-4). Let g(t) = -1 - 11*t + 7*t - 1 - t**2 - t. Calculate g(w).
-2
Let z(x) be the third derivative of -x**4/12 - 2*x**3/3 + 12*x**2 + 10*x. What is z(-9)?
14
Let q = -53 - -59. Suppose -q*z - 9 = 3. Let r(l) = 2*l**3 + l**2 + 2*l - 1. What is r(z)?
-17
Let y(b) = 11*b + 21. Let s(d) = -32*d - 63. Let a(x) = -6*s(x) - 17*y(x). Let o(f) = -2*f - 10. Let v(k) = 6*a(k) + 13*o(k). Determine v(-3).
-16
Suppose 2*p = -p + 6. Suppose -4*q + 18 = p. Let i(m) = 5*m**2 - 2*m + 1. Let c(y) = 4*y**2 - 3*y + 2. Let u(t) = -4*c(t) + 3*i(t). What is u(q)?
3
Let r = -3 + -3. Let l(d) be the third derivative of -d**7/5040 + d**5/60 - 13*d**2. Let g(c) be the third derivative of l(c). Determine g(r).
6
Let f(z) = -z + 9. Let u(j) = 6*j + 10. Let b(q) = -f(q) + u(q). What is b(-8)?
-55
Let o(r) = 5*r**2 + r - 2. Let f be (-38)/(-18) + (28/36)/(-7). Calculate o(f).
20
Let u(m) = 4*m - 1. Let n(p) = -7*p + 2. Let r(a) = 6*n(a) + 11*u(a). Give r(1).
3
Let l(w) = w**3 + 6*w**2 - 6*w + 7. Let g(a) = -5*a - 7. Let r be g(-5). Suppose -5*p - 17 = r. What is l(p)?
0
Let h be (-3 + 1)*(-9)/(-2). Let n = -16 - h. Let p = n + 2. Let i(j) = j**3 + 4*j**2 - 5*j - 5. Determine i(p).
-5
Let t(r) be the second derivative of -r**4/12 - 5*r**3/2 - 4*r**2 - 150*r. Determine t(-14).
6
Suppose 18*c + 76 + 194 = 0. Let x(v) = v**3 + 14*v**2 - 16*v - 17. Calculate x(c).
-2
Let q(c) = -29*c - 10. Let l(v) = 89*v + 35. Let b(u) = 2*l(u) + 7*q(u). Determine b(-1).
25
Let g(q) = 7 + 0*q**2 - 6*q**2 + 2*q**2 + 5*q + q**3 - 2*q**3. Suppose 39*p = 38*p - 5. Give g(p).
7
Let t(q) = -q**2 + 3*q - 1. Let v(d) = 4*d**2 + 15*d + 6. Let k(p) = 2*t(p) + v(p). Calculate k(-10).
-6
Let s(u) = u**2 + 12*u + 11. Suppose 0 = 5*w + 4*w - 36. Suppose 6*o = w*o - p - 20, -59 = 5*o - 2*p. Calculate s(o).
0
Suppose 3*k + 15 = -0. Let f be ((-5)/k)/((-1)/(-2)). Let c(l) = 13*l**2 - 1 - 2 - 22*l**2 - f*l + 10*l**2. Determine c(4).
5
Let u(v) = -3 + 10 - 3*v - 3 + 14 + 5. Calculate u(6).
5
Let c(k) = 8*k**2. Suppose 0 = 4*a + 52 - 40. Let z(g) = 5*g + 14. Let w be z(a). Give c(w).
8
Let p(h) = -h**2 + h + 1. Let n(r) = 2*r**2 - 10*r - 4. Let o be 3/((-3)/(4 + -7)). Let y(j) = o*p(j) + n(j). Calculate y(-7).
-1
Let i be 0 - 5/(-5) - 6. Let g(p) = -p**3 - 5*p**2 - 5*p. Determine g(i).
25
Suppose 3*h + 8 = h. Let j(v) = 4*v**2 - v**3 - v + 18*v**3 - 16*v**3. Give j(h).
4
Let w(c) = c**2 - 1. Let p be w(1). Suppose -21 = -3*s - 3*o, -2*s - 5 = -s - 2*o. Let f(a) = -4*a - s*a + 8*a - 8 + 2. Determine f(p).
-6
Let f(q) = 4*q - 4 + 4*q - 5*q + 2*q. Let k = 14 + -10. Give f(k).
16
Let r be (-64)/(-4) - (0 + 0). Suppose r = -2*c - 2*c. Let f(z) be the second derivative of z**4/12 + z**3/2 + 3*z**2/2 + 326*z - 2. What is f(c)?
7
Let n(t) be the first derivative of -t**4/4 + 5*t**3/3 - t**2 - 2*t - 2. Suppose 5*u + 28 = 3*p - 14, 2*u + 4 = -2*p. What is n(p)?
6
Let f be (-77)/(-14) - 1/2. Let x(o) = 2*o**3 - 5*o**2 - o - 13. Let b(q) = -q**3 + 2*q**2 + q + 7. Let h(d) = -5*b(d) - 3*x(d). Determine h(f).
-6
Let z(r) be the third derivative of r**6/120 - 2*r**5/15 + r**4/4 - 5*r**3/6 + 111*r**2. Determine z(7).
-12
Let q(f) = f**3 - f**2 - f. Let m be (-1 - -1)*(-1)/1. Suppose -22*s + 26*s + 8 = m. Calculate q(s).
-10
Let w(n) = -4*n**2 + n + 1. Let b be w(-1). Let h(l) = -3*l**3 - 2*l + 1455*l**2 - 6 - 1451*l**2 + 4*l**3. Determine h(b).
2
Let i(d) = d**2 + 13*d + 8. Let f be i(-12). Let p(k) be the first derivative of -k**2/2 - 2*k + 20. Give p(f).
2
Let d(b) be the third derivative of -b**4/12 + 7*b**3/6 - 18*b**2 - b. Suppose 3*m - 28 = 7*m - 2*a, 4*a - 11 = -m. Give d(m).
17
Suppose -10*g + 26 = -23*g. Let k(r) = -2*r**3 + 3*r - 2. Determine k(g).
8
Let a(k) be the second derivative of 7*k**3/6 - 3*k**2/2 + 355*k. Determine a(2).
11
Let r(x) = 7*x**2 + 22*x + 5. Let c(m) = -m**2 + 5*m + 1. Let u(y) = 4*c(y) - r(y). Calculate u(-1).
-10
Suppose -3*p + 27 = 3*f, -3*f = -3*p - 4 + 1. Let c be -3 + 0 + 3 + f. Let v(r) = -4 + 2*r**2 + 3*r**2 + 7*r**3 + c + 2*r - 4*r**2. Determine v(-1).
-7
Let z(v) = v - 11. Let u be (26/65)/((-8)/(-220)). Give z(u).
0
Let u(x) = 3*x - 2. Let j(v) = -14*v + 379. Let i be j(27). Determine u(i).
1
Let s(t) be the third derivative of -t**8/3360 + t**6/720 + t**5/15 + 6*t**2. Let p(d) be the third derivative of s(d). Let n = 4 - 5. What is p(n)?
-5
Let v be (-1*(-1)/(-3))/(1/(-6)). Let x(c) = 3 + c**2 - 20*c + 0*c**v + 14*c. Give x(4).
-5
Let u(k) be the second derivative of 0 + 26*k - 1/2*k**3 - 7/2*k**2. Determine u(-5).
8
Let w be 2 + -5 + (4 - 4). Let q(h) = h**2 - 3*h + 3. Let j be q(3). Let v(t) = -3*t**j - 1 - 2*t**3 - 5*t**2 + 3 - 3*t + 4*t**3. What is v(w)?
-7
Suppose u = 3*r - 15, 3*u - 1 = -4*r + 6. Let t(a) = -2*a**2 - 2*a**3 + 2*a**2 + 3*a**2 - 4 + 3*a**3. What is t(u)?
-4
Let y(l) be the first derivative of l**2/2 + 3*l - 424. What is y(12)?
15
Let o be (-1)/((-12)/(-8) + -2). Suppose -1 = -j + u, -3*j + 4*u + o + 3 = 0. Let y(c) = 1 - 3*c**3 + c**3 + 2*c**2 - 2*c**2. Calculate y(j).
3
Let t(k) = 23*k - 13. Let o(h) = -8*h + 5. Let v(c) = -8*o(c) - 3*t(c). What is v(-1)?
4
Suppose 4*t - 11 = m, -2*t + 3*m + 6 = t. Let c(x) = -3*x - t*x + 4 + 8*x + 0*x. Determine c(-4).
-4
Let d(o) = -13*o**2 - o**2 + 6*o**3 + 1 + 7*o**2 + 5*o**2. What is d(1)?
5
Let k(g) = -g**3 + 7*g**2 + 2*g - 9. Let m be k(7). Let t(p) be the second derivative of -p**4/12 + 2*p**3/3 - p**2 - 12*p. Give t(m).
-7
Let w = -4 + 7. Let g(z) = -w*z - 14 - z**3 + z + z. Let l = 1339 + -1339. What is g(l)?
-14
Let z be (-14)/3 - -5 - 40/(-6). Let g be (95/35 + -3)*z. Let n(c) = -2*c**2 - 2*c + 1. Give n(g).
-3
Suppose 65 = 16*n + 97. Let y(h) = -h + 1 - 2*h + h. Determine y(n).
5
Let c(v) = -v**2 - 5*v - 3. Let l be (-8)/(-12)*(-84)/8. Let k(r) = -r**2 - 7*r - 15. Let s be k(l). Let o be s/6*(-3 - -5). Determine c(o).
-3
Let i(h) = -38*h**2 + 18*h - 14. Let b(m) = -3*m**2 + m - 1. Let s(q) = 12*b(q) - i(q). Give s(5).
22
Suppose 0 = -27*f + 71 - 17. Let c(u) be the second derivative of -6*u